vided by 86?
77
What is the remainder when 1450 is divided by 47?
40
Calculate the remainder when 415 is divided by 20.
15
What is the remainder when 383 is divided by 24?
23
Calculate the remainder when 19682 is divided by 243.
242
What is the remainder when 1346 is divided by 193?
188
What is the remainder when 1064 is divided by 79?
37
Calculate the remainder when 3492 is divided by 19.
15
What is the remainder when 167 is divided by 56?
55
What is the remainder when 123 is divided by 43?
37
Calculate the remainder when 9 is divided by 6.
3
What is the remainder when 79 is divided by 15?
4
Calculate the remainder when 86 is divided by 43.
0
What is the remainder when 793 is divided by 138?
103
What is the remainder when 4767 is divided by 8?
7
Calculate the remainder when 8353 is divided by 35.
23
Calculate the remainder when 88 is divided by 29.
1
What is the remainder when 4693 is divided by 27?
22
Calculate the remainder when 86 is divided by 32.
22
What is the remainder when 2444 is divided by 36?
32
What is the remainder when 854 is divided by 169?
9
Calculate the remainder when 732 is divided by 148.
140
What is the remainder when 1721 is divided by 212?
25
Calculate the remainder when 400 is divided by 52.
36
Calculate the remainder when 267 is divided by 69.
60
Calculate the remainder when 2156 is divided by 83.
81
Calculate the remainder when 4942 is divided by 20.
2
Calculate the remainder when 309 is divided by 100.
9
What is the remainder when 78 is divided by 38?
2
Calculate the remainder when 707 is divided by 90.
77
What is the remainder when 2569 is divided by 364?
21
What is the remainder when 155 is divided by 34?
19
What is the remainder when 188 is divided by 22?
12
Calculate the remainder when 3056 is divided by 133.
130
Calculate the remainder when 39 is divided by 19.
1
What is the remainder when 1057 is divided by 1035?
22
Calculate the remainder when 109 is divided by 13.
5
Calculate the remainder when 360 is divided by 120.
0
What is the remainder when 172 is divided by 25?
22
What is the remainder when 352 is divided by 42?
16
What is the remainder when 3312 is divided by 1087?
51
Calculate the remainder when 491 is divided by 19.
16
Calculate the remainder when 1955 is divided by 89.
86
Calculate the remainder when 209 is divided by 43.
37
Calculate the remainder when 668 is divided by 171.
155
Calculate the remainder when 813 is divided by 37.
36
Calculate the remainder when 1323 is divided by 188.
7
Calculate the remainder when 489 is divided by 26.
21
What is the remainder when 731 is divided by 100?
31
Calculate the remainder when 132 is divided by 27.
24
Calculate the remainder when 491 is divided by 19.
16
Calculate the remainder when 278 is divided by 56.
54
What is the remainder when 55 is divided by 5?
0
Calculate the remainder when 145 is divided by 68.
9
Calculate the remainder when 21 is divided by 14.
7
Calculate the remainder when 375 is divided by 8.
7
Calculate the remainder when 31 is divided by 3.
1
What is the remainder when 88 is divided by 26?
10
What is the remainder when 70 is divided by 37?
33
Calculate the remainder when 1563 is divided by 112.
107
What is the remainder when 89 is divided by 28?
5
Calculate the remainder when 471 is divided by 6.
3
What is the remainder when 277 is divided by 60?
37
Calculate the remainder when 1546 is divided by 18.
16
Calculate the remainder when 52 is divided by 21.
10
Calculate the remainder when 1660 is divided by 6.
4
What is the remainder when 159 is divided by 8?
7
What is the remainder when 1857 is divided by 919?
19
What is the remainder when 718 is divided by 120?
118
Calculate the remainder when 454 is divided by 57.
55
What is the remainder when 1075 is divided by 11?
8
Calculate the remainder when 1790 is divided by 16.
14
What is the remainder when 264 is divided by 34?
26
Calculate the remainder when 4666 is divided by 38.
30
Calculate the remainder when 2748 is divided by 125.
123
What is the remainder when 5586 is divided by 13?
9
What is the remainder when 558 is divided by 112?
110
What is the remainder when 2350 is divided by 2334?
16
What is the remainder when 105 is divided by 23?
13
Calculate the remainder when 1452 is divided by 469.
45
What is the remainder when 93 is divided by 14?
9
Calculate the remainder when 250 is divided by 85.
80
Calculate the remainder when 7274 is divided by 17.
15
What is the remainder when 16 is divided by 3?
1
What is the remainder when 3359 is divided by 10?
9
What is the remainder when 425 is divided by 9?
2
What is the remainder when 5799 is divided by 58?
57
What is the remainder when 144 is divided by 28?
4
Calculate the remainder when 317 is divided by 11.
9
What is the remainder when 259 is divided by 10?
9
Calculate the remainder when 161 is divided by 28.
21
Calculate the remainder when 470 is divided by 35.
15
What is the remainder when 2076 is divided by 2061?
15
What is the remainder when 47 is divided by 30?
17
Calculate the remainder when 135 is divided by 42.
9
Calculate the remainder when 422 is divided by 81.
17
What is the remainder when 1343 is divided by 87?
38
Calculate the remainder when 62 is divided by 38.
24
What is the remainder when 104 is divided by 3?
2
What is the remainder when 193 is divided by 15?
13
What is the remainder when 213 is divided by 16?
5
Calculate the remainder when 285 is divided by 13.
12
What is the remainder when 479 is divided by 98?
87
Calculate the remainder when 154 is divided by 79.
75
What is the remainder when 4029 is divided by 21?
18
What is the remainder when 94 is divided by 37?
20
Calculate the remainder when 449 is divided by 54.
17
What is the remainder when 2204 is divided by 50?
4
Calculate the remainder when 61 is divided by 13.
9
What is the remainder when 162 is divided by 95?
67
Calculate the remainder when 2959 is divided by 10.
9
What is the remainder when 66 is divided by 45?
21
Calculate the remainder when 1945 is divided by 327.
310
What is the remainder when 2764 is divided by 277?
271
What is the remainder when 235 is divided by 38?
7
Calculate the remainder when 318 is divided by 12.
6
Calculate the remainder when 542 is divided by 270.
2
Calculate the remainder when 2623 is divided by 71.
67
Calculate the remainder when 37 is divided by 21.
16
Calculate the remainder when 298 is divided by 30.
28
Calculate the remainder when 123 is divided by 16.
11
Calculate the remainder when 2750 is divided by 549.
5
Calculate the remainder when 6866 is divided by 202.
200
Calculate the remainder when 95 is divided by 14.
11
Calculate the remainder when 1118 is divided by 14.
12
What is the remainder when 2159 is divided by 40?
39
Calculate the remainder when 926 is divided by 3.
2
Calculate the remainder when 955 is divided by 138.
127
What is the remainder when 696 is divided by 373?
323
Calculate the remainder when 405 is divided by 24.
21
What is the remainder when 438 is divided by 75?
63
What is the remainder when 253 is divided by 17?
15
What is the remainder when 1702 is divided by 124?
90
Calculate the remainder when 27 is divided by 22.
5
Calculate the remainder when 309 is divided by 18.
3
What is the remainder when 630 is divided by 309?
12
What is the remainder when 14070 is divided by 34?
28
What is the remainder when 115 is divided by 33?
16
Calculate the remainder when 66 is divided by 42.
24
Calculate the remainder when 968 is divided by 57.
56
Calculate the remainder when 12 is divided by 9.
3
What is the remainder when 83 is divided by 7?
6
Calculate the remainder when 308 is divided by 16.
4
What is the remainder when 1101 is divided by 79?
74
What is the remainder when 1994 is divided by 16?
10
What is the remainder when 341 is divided by 112?
5
What is the remainder when 519 is divided by 104?
103
What is the remainder when 683 is divided by 58?
45
Calculate the remainder when 79 is divided by 9.
7
Calculate the remainder when 267 is divided by 24.
3
Calculate the remainder when 985 is divided by 196.
5
Calculate the remainder when 50 is divided by 30.
20
What is the remainder when 2374 is divided by 107?
20
What is the remainder when 383 is divided by 97?
92
What is the remainder when 144 is divided by 38?
30